{"id":150,"date":"2019-03-29T09:17:27","date_gmt":"2019-03-29T09:17:27","guid":{"rendered":"http:\/\/fk-whg.de\/?page_id=150"},"modified":"2021-11-07T17:18:19","modified_gmt":"2021-11-07T17:18:19","slug":"foerderbeispiele","status":"publish","type":"page","link":"https:\/\/fk-whg.de\/?page_id=150","title":{"rendered":"F\u00f6rderbeispiele"},"content":{"rendered":"<p>&nbsp;<\/p>\n<p>F\u00fcr die musikalische Ausbildung und die Bigband konnte ein Kontrabass und Keyboards mit Batterie, also ohne notwendige Verkabelungen erworben werden. Dies erleichtert den Aufbau und die ben\u00f6tigte Unterrichtszeit sehr.<\/p>\n<hr \/>\n<p>Ein Greenscreen erm\u00f6glicht der Video-AG diese moderne Technik einzusetzen.<\/p>\n<hr \/>\n<p><strong>Die Gestaltung des Schulhofs geht mit den letzten Ger\u00e4ten dem Ende zu<\/strong><\/p>\n<p><a href=\"http:\/\/fk-whg.de\/wp-content\/uploads\/2021\/11\/Stadtanzeiger-Fo\u0308rderkreis-investiert-74000-Euro.pdf\"><img loading=\"lazy\" decoding=\"async\" class=\"alignnone size-full wp-image-90\" src=\"http:\/\/fk-whg.de\/wp-content\/uploads\/2019\/03\/acrobat-pdf-icon.png\" alt=\"\" width=\"24\" height=\"24\" \/><strong> <span style=\"color: #000080;\">Bericht im Stadtanzeiger: Fo\u0308rderkreis investiert 74000 Euro<\/span><\/strong><\/a><\/p>\n<p>Mit den 3 Reckstangen und weiteren 3 Tischtennisplatten und 3 Kickern ist die Ausr\u00fcstung des Schulhofs mit Tischen und Ger\u00e4ten durch den F\u00f6rderkreis komplett.<\/p>\n<p><img loading=\"lazy\" decoding=\"async\" class=\"alignnone size-medium wp-image-602\" src=\"http:\/\/fk-whg.de\/wp-content\/uploads\/2021\/09\/Bild_2021-09-30_181327-300x183.png\" alt=\"\" width=\"300\" height=\"183\" srcset=\"https:\/\/fk-whg.de\/wp-content\/uploads\/2021\/09\/Bild_2021-09-30_181327-300x183.png 300w, https:\/\/fk-whg.de\/wp-content\/uploads\/2021\/09\/Bild_2021-09-30_181327-768x470.png 768w, https:\/\/fk-whg.de\/wp-content\/uploads\/2021\/09\/Bild_2021-09-30_181327-1024x626.png 1024w\" sizes=\"auto, (max-width: 300px) 100vw, 300px\" \/><\/p>\n<p><img loading=\"lazy\" decoding=\"async\" class=\"alignnone size-medium wp-image-592\" style=\"font-size: 1rem;\" src=\"http:\/\/fk-whg.de\/wp-content\/uploads\/2021\/06\/Reckstangen-300x200.png\" alt=\"\" width=\"300\" height=\"200\" srcset=\"https:\/\/fk-whg.de\/wp-content\/uploads\/2021\/06\/Reckstangen-300x200.png 300w, https:\/\/fk-whg.de\/wp-content\/uploads\/2021\/06\/Reckstangen.png 600w\" sizes=\"auto, (max-width: 300px) 100vw, 300px\" \/>\u00a0 \u00a0 \u00a0 \u00a0 \u00a0 \u00a0 \u00a0 \u00a0 \u00a0 \u00a0 \u00a0<img loading=\"lazy\" decoding=\"async\" class=\"alignnone size-medium wp-image-593\" style=\"font-size: 1rem;\" src=\"http:\/\/fk-whg.de\/wp-content\/uploads\/2021\/06\/weitere-Tennistische-200x300.png\" alt=\"\" width=\"200\" height=\"300\" srcset=\"https:\/\/fk-whg.de\/wp-content\/uploads\/2021\/06\/weitere-Tennistische-200x300.png 200w, https:\/\/fk-whg.de\/wp-content\/uploads\/2021\/06\/weitere-Tennistische.png 600w\" sizes=\"auto, (max-width: 200px) 100vw, 200px\" \/><img loading=\"lazy\" decoding=\"async\" class=\"alignnone size-medium wp-image-591\" style=\"font-size: 1rem;\" src=\"http:\/\/fk-whg.de\/wp-content\/uploads\/2021\/06\/Reck-und-Kicker-300x200.png\" alt=\"\" width=\"300\" height=\"200\" srcset=\"https:\/\/fk-whg.de\/wp-content\/uploads\/2021\/06\/Reck-und-Kicker-300x200.png 300w, https:\/\/fk-whg.de\/wp-content\/uploads\/2021\/06\/Reck-und-Kicker.png 600w\" sizes=\"auto, (max-width: 300px) 100vw, 300px\" \/><span style=\"font-size: 1rem;\">\u00a0<\/span><\/p>\n<hr \/>\n<p><strong>Kopftraining<br \/>\n<\/strong>Der Schach-AG wurden\u00a0 Schachbretter angeschafft und ein zum Aufbewahren nutzbares Schlie\u00dffach eingerichtet<img loading=\"lazy\" decoding=\"async\" class=\"wp-image-514 aligncenter\" src=\"http:\/\/fk-whg.de\/wp-content\/uploads\/2020\/02\/schachbrett-turnier-holz-fg-58-mm-dunkler-rand-300x300.jpg\" alt=\"\" width=\"140\" height=\"140\" \/><\/p>\n<hr \/>\n<p><strong><img loading=\"lazy\" decoding=\"async\" class=\"size-full wp-image-518 alignright\" src=\"http:\/\/fk-whg.de\/wp-content\/uploads\/2020\/02\/DRK.png\" alt=\"\" width=\"201\" height=\"78\" \/>Notfallhilfe von Sch\u00fclern f\u00fcr Sch\u00fcler<br \/>\n<\/strong>Wie auch schon in den letzten Jahren wurden Sch\u00fcler in Erster Hilfe geschult, was hoffentlich nur sehr selten ben\u00f6tigt wird.<\/p>\n<hr \/>\n<p><strong>Willkommen im WHG<br \/>\n<\/strong>An den ersten Tagen am WHG bekommen die neuen Sch\u00fcler eine Menge Informationen auf Papier von verschiedenen Stellen. Damit nichts in den Taschen versch\u00fcttet geht, wurden f\u00fcr alle Begr\u00fc\u00dfungsmappen angeschafft, in denen die Infos gesammelt werden k\u00f6nnen.<\/p>\n<hr \/>\n<p><strong>Spiel und Spa\u00df auf dem Schulhof<br \/>\n<\/strong>Dies ist mit mehr als 34.000 \u20ac unser (finanziell) bislang gr\u00f6\u00dftes Projekt<\/p>\n<p><img loading=\"lazy\" decoding=\"async\" class=\"alignnone size-medium wp-image-193\" src=\"http:\/\/fk-whg.de\/wp-content\/uploads\/2019\/03\/DSC_0338_00001-300x199.jpg\" alt=\"\" width=\"300\" height=\"199\" srcset=\"https:\/\/fk-whg.de\/wp-content\/uploads\/2019\/03\/DSC_0338_00001-300x199.jpg 300w, https:\/\/fk-whg.de\/wp-content\/uploads\/2019\/03\/DSC_0338_00001-768x511.jpg 768w, https:\/\/fk-whg.de\/wp-content\/uploads\/2019\/03\/DSC_0338_00001-1024x681.jpg 1024w\" sizes=\"auto, (max-width: 300px) 100vw, 300px\" \/> <img loading=\"lazy\" decoding=\"async\" class=\"alignnone size-medium wp-image-189\" src=\"http:\/\/fk-whg.de\/wp-content\/uploads\/2019\/03\/DSC_0327_00001-300x199.jpg\" alt=\"\" width=\"300\" height=\"199\" srcset=\"https:\/\/fk-whg.de\/wp-content\/uploads\/2019\/03\/DSC_0327_00001-300x199.jpg 300w, https:\/\/fk-whg.de\/wp-content\/uploads\/2019\/03\/DSC_0327_00001-768x511.jpg 768w, https:\/\/fk-whg.de\/wp-content\/uploads\/2019\/03\/DSC_0327_00001-1024x681.jpg 1024w\" sizes=\"auto, (max-width: 300px) 100vw, 300px\" \/> <img loading=\"lazy\" decoding=\"async\" class=\"alignnone size-medium wp-image-188\" src=\"http:\/\/fk-whg.de\/wp-content\/uploads\/2019\/03\/DSC_0318_00001-300x199.jpg\" alt=\"\" width=\"300\" height=\"199\" srcset=\"https:\/\/fk-whg.de\/wp-content\/uploads\/2019\/03\/DSC_0318_00001-300x199.jpg 300w, https:\/\/fk-whg.de\/wp-content\/uploads\/2019\/03\/DSC_0318_00001-768x511.jpg 768w, https:\/\/fk-whg.de\/wp-content\/uploads\/2019\/03\/DSC_0318_00001-1024x681.jpg 1024w\" sizes=\"auto, (max-width: 300px) 100vw, 300px\" \/> <img loading=\"lazy\" decoding=\"async\" class=\"alignnone size-medium wp-image-192\" src=\"http:\/\/fk-whg.de\/wp-content\/uploads\/2019\/03\/DSC_0336_00001-300x199.jpg\" alt=\"\" width=\"300\" height=\"199\" srcset=\"https:\/\/fk-whg.de\/wp-content\/uploads\/2019\/03\/DSC_0336_00001-300x199.jpg 300w, https:\/\/fk-whg.de\/wp-content\/uploads\/2019\/03\/DSC_0336_00001-768x511.jpg 768w, https:\/\/fk-whg.de\/wp-content\/uploads\/2019\/03\/DSC_0336_00001-1024x681.jpg 1024w\" sizes=\"auto, (max-width: 300px) 100vw, 300px\" \/> <img loading=\"lazy\" decoding=\"async\" class=\"alignnone size-medium wp-image-191\" src=\"http:\/\/fk-whg.de\/wp-content\/uploads\/2019\/03\/DSC_0333_00001-199x300.jpg\" alt=\"\" width=\"199\" height=\"300\" srcset=\"https:\/\/fk-whg.de\/wp-content\/uploads\/2019\/03\/DSC_0333_00001-199x300.jpg 199w, https:\/\/fk-whg.de\/wp-content\/uploads\/2019\/03\/DSC_0333_00001-768x1155.jpg 768w, https:\/\/fk-whg.de\/wp-content\/uploads\/2019\/03\/DSC_0333_00001-681x1024.jpg 681w, https:\/\/fk-whg.de\/wp-content\/uploads\/2019\/03\/DSC_0333_00001.jpg 2000w\" sizes=\"auto, (max-width: 199px) 100vw, 199px\" \/><\/p>\n<hr \/>\n<h2>Neues H\u00e4nge-System f\u00fcr Bilder<\/h2>\n<p>Nach den Winterferien sind unsere neuen Pr\u00e4sentationsfl\u00e4chen einsatzbereit! <strong><span style=\"color: #000080;\">Das vom F\u00f6rderkreis finanzierte Ausstellungsystem<\/span><\/strong> bietet zahlreiche und flexible M\u00f6glichkeiten die Arbeitsergebnisse der Sch\u00fclerInnen im 2.OG auszustellen und mit der Schulgemeinschaft zu teilen. Wir sind dankbar und stolz auf das Ergebnis. Zur Zeit zu sehen sind Arbeiten aus den Klassen 5c und 5d zum Thema \u201eLinienarten und Muster\u201c, die bei Frau Thum im Kunstunterricht entstanden sind.<\/p>\n<p><img loading=\"lazy\" decoding=\"async\" src=\"http:\/\/whgonline.de\/media\/gemeinschaft\/fachbereiche\/kunst\/2019\/image1a.jpeg\" alt=\"\" width=\"400\" height=\"253\" \/><\/p>\n<hr \/>\n<p>In einzelnen F\u00e4chern besonders begabte Sch\u00fcler sollen sich auch \u00fcber das WHG hinaus mit Anderen\/anderen Schulen messen k\u00f6nnen.<br \/>\nDurch einen Reisekostenzuschuss wurde die Teilnahme des WHG am <strong>Wettbewerb &#8222;Mathematik ohne Grenzen&#8220;<\/strong> (2018) erm\u00f6glicht.<\/p>\n<hr \/>\n<p>Ein dem F\u00f6rderkreis besonders wichtiges Ziel ist es, dass kein Mitglied der Schulgemeinschaft wegen eines finanziellen Engpasses nicht im vollen Umfang an schulischen Aktivit\u00e4ten teilnehmen kann.<br \/>\nIn 2018 konnte 17 Sch\u00fcler und -innen die<strong> Teilnahme an Klassenfahrten<\/strong> durch einen Zuschuss erm\u00f6glicht werden.<\/p>\n<hr \/>\n<p>Welche Stunden fallen aus? Die<strong> WHG-App<\/strong> zeigt es.<\/p>\n<p><img loading=\"lazy\" decoding=\"async\" class=\"alignnone size-medium wp-image-198\" src=\"http:\/\/fk-whg.de\/wp-content\/uploads\/2019\/03\/app-ansicht-183x300.jpg\" alt=\"\" width=\"183\" height=\"300\" srcset=\"https:\/\/fk-whg.de\/wp-content\/uploads\/2019\/03\/app-ansicht-183x300.jpg 183w, https:\/\/fk-whg.de\/wp-content\/uploads\/2019\/03\/app-ansicht-768x1257.jpg 768w, https:\/\/fk-whg.de\/wp-content\/uploads\/2019\/03\/app-ansicht-626x1024.jpg 626w, https:\/\/fk-whg.de\/wp-content\/uploads\/2019\/03\/app-ansicht.jpg 874w\" sizes=\"auto, (max-width: 183px) 100vw, 183px\" \/><\/p>\n<hr \/>\n<p>Die j\u00e4hrliche <strong>Schifreizeit der 10. Klassen<\/strong> und des Sport-Leistungskurses in Obertauern<\/p>\n<p><img loading=\"lazy\" decoding=\"async\" class=\"alignnone size-medium wp-image-197\" src=\"http:\/\/fk-whg.de\/wp-content\/uploads\/2019\/03\/Grupppenbild-klein-300x225.jpg\" alt=\"\" width=\"300\" height=\"225\" srcset=\"https:\/\/fk-whg.de\/wp-content\/uploads\/2019\/03\/Grupppenbild-klein-300x225.jpg 300w, https:\/\/fk-whg.de\/wp-content\/uploads\/2019\/03\/Grupppenbild-klein.jpg 600w\" sizes=\"auto, (max-width: 300px) 100vw, 300px\" \/><\/p>\n<hr \/>\n<p>Die <strong>Weinbau-AG<\/strong> baut den &#8222;Heisenberg&#8220; an und aus.<br \/>\n<img loading=\"lazy\" decoding=\"async\" class=\"alignnone size-full wp-image-195\" src=\"http:\/\/fk-whg.de\/wp-content\/uploads\/2019\/03\/heisenbergetikett.png\" alt=\"\" width=\"281\" height=\"179\" \/><br \/>\nDie Heisenberg&#8217;sche Unsch\u00e4rferelation &#8211; eine kurze Formel, die die prinzipielle Grenze der physikalischen Bestimmbarkeit angibt<\/p>\n<hr \/>\n<p>&nbsp;<\/p>\n<p><strong>Sportteams der Schule in neuem Trikot<\/strong><\/p>\n<p>Hockeyteam Frauen <strong><img loading=\"lazy\" decoding=\"async\" class=\"alignnone size-medium wp-image-153\" src=\"http:\/\/fk-whg.de\/wp-content\/uploads\/2019\/03\/IMG_20140528_100006-300x225.jpg\" alt=\"\" width=\"300\" height=\"225\" srcset=\"https:\/\/fk-whg.de\/wp-content\/uploads\/2019\/03\/IMG_20140528_100006-300x225.jpg 300w, https:\/\/fk-whg.de\/wp-content\/uploads\/2019\/03\/IMG_20140528_100006-768x576.jpg 768w, https:\/\/fk-whg.de\/wp-content\/uploads\/2019\/03\/IMG_20140528_100006-1024x768.jpg 1024w\" sizes=\"auto, (max-width: 300px) 100vw, 300px\" \/><br \/>\n<\/strong>Hockeyteam M\u00e4nner <img loading=\"lazy\" decoding=\"async\" class=\"alignnone size-medium wp-image-152\" src=\"http:\/\/fk-whg.de\/wp-content\/uploads\/2019\/03\/DSC_0154-300x169.jpg\" alt=\"\" width=\"300\" height=\"169\" srcset=\"https:\/\/fk-whg.de\/wp-content\/uploads\/2019\/03\/DSC_0154-300x169.jpg 300w, https:\/\/fk-whg.de\/wp-content\/uploads\/2019\/03\/DSC_0154-768x432.jpg 768w, https:\/\/fk-whg.de\/wp-content\/uploads\/2019\/03\/DSC_0154-1024x576.jpg 1024w\" sizes=\"auto, (max-width: 300px) 100vw, 300px\" \/><\/p>\n<hr \/>\n<p><strong>Physikunterricht<\/strong><\/p>\n<p>Experimente zur Radioaktivit\u00e4t: durch sehr empfindliche Me\u00dfger\u00e4te in Gruppenarbeit ohne besondere Sicherheitsma\u00dfnahmen und mit nat\u00fcrlichen Substanzen durchf\u00fchrbar.<\/p>\n<p>&#8211; mehrere Geiger-M\u00fcller-Z\u00e4hler f\u00fcr Gruppenarbeit<\/p>\n<p><img loading=\"lazy\" decoding=\"async\" class=\"alignnone size-medium wp-image-158\" src=\"http:\/\/fk-whg.de\/wp-content\/uploads\/2019\/03\/DSC_0044-199x300.jpg\" alt=\"\" width=\"199\" height=\"300\" srcset=\"https:\/\/fk-whg.de\/wp-content\/uploads\/2019\/03\/DSC_0044-199x300.jpg 199w, https:\/\/fk-whg.de\/wp-content\/uploads\/2019\/03\/DSC_0044-768x1155.jpg 768w, https:\/\/fk-whg.de\/wp-content\/uploads\/2019\/03\/DSC_0044-681x1024.jpg 681w, https:\/\/fk-whg.de\/wp-content\/uploads\/2019\/03\/DSC_0044.jpg 2000w\" sizes=\"auto, (max-width: 199px) 100vw, 199px\" \/> <img loading=\"lazy\" decoding=\"async\" class=\"alignnone size-medium wp-image-159\" src=\"http:\/\/fk-whg.de\/wp-content\/uploads\/2019\/03\/DSC_0045-199x300.jpg\" alt=\"\" width=\"199\" height=\"300\" srcset=\"https:\/\/fk-whg.de\/wp-content\/uploads\/2019\/03\/DSC_0045-199x300.jpg 199w, https:\/\/fk-whg.de\/wp-content\/uploads\/2019\/03\/DSC_0045-768x1155.jpg 768w, https:\/\/fk-whg.de\/wp-content\/uploads\/2019\/03\/DSC_0045-681x1024.jpg 681w, https:\/\/fk-whg.de\/wp-content\/uploads\/2019\/03\/DSC_0045.jpg 2000w\" sizes=\"auto, (max-width: 199px) 100vw, 199px\" \/><\/p>\n<hr \/>\n<p><strong>Informatikraum<\/strong><\/p>\n<p>Mit neuer Rechnerausstattung wieder technisch aktuell<br \/>\n<img loading=\"lazy\" decoding=\"async\" class=\"alignnone size-medium wp-image-160\" src=\"http:\/\/fk-whg.de\/wp-content\/uploads\/2019\/03\/Informatikraum1-300x225.jpg\" alt=\"\" width=\"300\" height=\"225\" srcset=\"https:\/\/fk-whg.de\/wp-content\/uploads\/2019\/03\/Informatikraum1-300x225.jpg 300w, https:\/\/fk-whg.de\/wp-content\/uploads\/2019\/03\/Informatikraum1.jpg 500w\" sizes=\"auto, (max-width: 300px) 100vw, 300px\" \/> <img loading=\"lazy\" decoding=\"async\" class=\"alignnone size-medium wp-image-161\" src=\"http:\/\/fk-whg.de\/wp-content\/uploads\/2019\/03\/Informatikraum2-300x225.jpg\" alt=\"\" width=\"300\" height=\"225\" srcset=\"https:\/\/fk-whg.de\/wp-content\/uploads\/2019\/03\/Informatikraum2-300x225.jpg 300w, https:\/\/fk-whg.de\/wp-content\/uploads\/2019\/03\/Informatikraum2.jpg 500w\" sizes=\"auto, (max-width: 300px) 100vw, 300px\" \/><\/p>\n<hr \/>\n<p><b style=\"font-family: 'Comic Sans MS';\">Wer <\/b><span style=\"font-family: Comic Sans MS;\"><b>flei\u00dfig<\/b><\/span><b style=\"font-family: 'Comic Sans MS';\">\u00a0gearbeitet hat, soll auch mal feiern,<\/b><br \/>\n<b style=\"font-family: 'Comic Sans MS';\">z.B. beim j\u00e4hrlichen Sommerfest der Sch\u00fclervertretung<\/b><\/p>\n<p><span style=\"font-family: Comic Sans MS;\">Nachdem ein Platz zum trocknen &#8222;\u00fcberwintern&#8220; gefunden war,<br \/>\nkonnte ein Zelt beschafft werden, um das Ganze wetterunabh\u00e4ngig zu machen.<br \/>\n<img loading=\"lazy\" decoding=\"async\" class=\"alignnone size-medium wp-image-162\" src=\"http:\/\/fk-whg.de\/wp-content\/uploads\/2019\/03\/Zelt_fuer_Sommerfeste-300x225.jpg\" alt=\"\" width=\"300\" height=\"225\" \/><\/span><\/p>\n<hr \/>\n<p><strong>Theaterkeller<\/strong><\/p>\n<p>Noch fesselndere Auff\u00fchrungen &#8211; mit der neuen Tontechnik<img loading=\"lazy\" decoding=\"async\" class=\"alignnone size-medium wp-image-163\" src=\"http:\/\/fk-whg.de\/wp-content\/uploads\/2019\/03\/Theatergruppe-300x225.jpg\" alt=\"\" width=\"300\" height=\"225\" srcset=\"https:\/\/fk-whg.de\/wp-content\/uploads\/2019\/03\/Theatergruppe-300x225.jpg 300w, https:\/\/fk-whg.de\/wp-content\/uploads\/2019\/03\/Theatergruppe.jpg 400w\" sizes=\"auto, (max-width: 300px) 100vw, 300px\" \/> <img loading=\"lazy\" decoding=\"async\" class=\"alignnone size-medium wp-image-164\" src=\"http:\/\/fk-whg.de\/wp-content\/uploads\/2019\/03\/Theaterkellertechnik-300x111.jpg\" alt=\"\" width=\"300\" height=\"111\" srcset=\"https:\/\/fk-whg.de\/wp-content\/uploads\/2019\/03\/Theaterkellertechnik-300x111.jpg 300w, https:\/\/fk-whg.de\/wp-content\/uploads\/2019\/03\/Theaterkellertechnik-768x283.jpg 768w, https:\/\/fk-whg.de\/wp-content\/uploads\/2019\/03\/Theaterkellertechnik.jpg 813w\" sizes=\"auto, (max-width: 300px) 100vw, 300px\" \/><\/p>\n<hr \/>\n<p><strong>Auch Pause muss mal sein, vor allem wenn in der Oberstufe die K\u00f6pfe rauchen (sollen)<\/strong><\/p>\n<p>&#8211; 4 neue Sofas f\u00fcr den MSS-Raum<br \/>\n<img loading=\"lazy\" decoding=\"async\" class=\"alignnone size-medium wp-image-165\" src=\"http:\/\/fk-whg.de\/wp-content\/uploads\/2019\/03\/klippan-er-sofa-MSS-Raum-300x300.jpg\" alt=\"\" width=\"300\" height=\"300\" srcset=\"https:\/\/fk-whg.de\/wp-content\/uploads\/2019\/03\/klippan-er-sofa-MSS-Raum-300x300.jpg 300w, https:\/\/fk-whg.de\/wp-content\/uploads\/2019\/03\/klippan-er-sofa-MSS-Raum-150x150.jpg 150w, https:\/\/fk-whg.de\/wp-content\/uploads\/2019\/03\/klippan-er-sofa-MSS-Raum-100x100.jpg 100w, https:\/\/fk-whg.de\/wp-content\/uploads\/2019\/03\/klippan-er-sofa-MSS-Raum.jpg 500w\" sizes=\"auto, (max-width: 300px) 100vw, 300px\" \/><\/p>\n<hr \/>\n<p><strong>Geistige Nahrung in der Bibliothek<\/strong><\/p>\n<p>Auch Computerspiele &#8211; besonders die \u00a0zum selbst bauen &#8211; brauchen Erkl\u00e4rungen und Anleitungen<br \/>\n(Lizenzen, Anleitungen, Insider-Buch, Plug-in-Programmierung)<\/p>\n<p><img loading=\"lazy\" decoding=\"async\" class=\"alignnone size-full wp-image-166\" src=\"http:\/\/fk-whg.de\/wp-content\/uploads\/2019\/03\/Minecraft.png\" alt=\"\" width=\"286\" height=\"63\" \/><img loading=\"lazy\" decoding=\"async\" class=\"alignnone size-medium wp-image-167\" src=\"http:\/\/fk-whg.de\/wp-content\/uploads\/2019\/03\/DieZeit1-300x209.jpg\" alt=\"\" width=\"300\" height=\"209\" srcset=\"https:\/\/fk-whg.de\/wp-content\/uploads\/2019\/03\/DieZeit1-300x209.jpg 300w, https:\/\/fk-whg.de\/wp-content\/uploads\/2019\/03\/DieZeit1.jpg 400w\" sizes=\"auto, (max-width: 300px) 100vw, 300px\" \/> <img loading=\"lazy\" decoding=\"async\" class=\"alignnone size-medium wp-image-168\" src=\"http:\/\/fk-whg.de\/wp-content\/uploads\/2019\/03\/franz\u00f6sisch1-300x281.jpg\" alt=\"\" width=\"300\" height=\"281\" srcset=\"https:\/\/fk-whg.de\/wp-content\/uploads\/2019\/03\/franz\u00f6sisch1-300x281.jpg 300w, https:\/\/fk-whg.de\/wp-content\/uploads\/2019\/03\/franz\u00f6sisch1.jpg 350w\" sizes=\"auto, (max-width: 300px) 100vw, 300px\" \/> <img loading=\"lazy\" decoding=\"async\" class=\"alignnone size-medium wp-image-169\" src=\"http:\/\/fk-whg.de\/wp-content\/uploads\/2019\/03\/franz\u00f6sisch3-256x300.jpg\" alt=\"\" width=\"256\" height=\"300\" srcset=\"https:\/\/fk-whg.de\/wp-content\/uploads\/2019\/03\/franz\u00f6sisch3-256x300.jpg 256w, https:\/\/fk-whg.de\/wp-content\/uploads\/2019\/03\/franz\u00f6sisch3.jpg 300w\" sizes=\"auto, (max-width: 256px) 100vw, 256px\" \/><img loading=\"lazy\" decoding=\"async\" class=\"alignnone size-full wp-image-202\" src=\"http:\/\/fk-whg.de\/wp-content\/uploads\/2019\/03\/young-oxford-regenwald_.jpg\" alt=\"\" width=\"160\" height=\"160\" srcset=\"https:\/\/fk-whg.de\/wp-content\/uploads\/2019\/03\/young-oxford-regenwald_.jpg 160w, https:\/\/fk-whg.de\/wp-content\/uploads\/2019\/03\/young-oxford-regenwald_-150x150.jpg 150w, https:\/\/fk-whg.de\/wp-content\/uploads\/2019\/03\/young-oxford-regenwald_-100x100.jpg 100w\" sizes=\"auto, (max-width: 160px) 100vw, 160px\" \/><img loading=\"lazy\" decoding=\"async\" class=\"alignnone size-full wp-image-201\" src=\"http:\/\/fk-whg.de\/wp-content\/uploads\/2019\/03\/Regenwald-vorstoss-in-das-universum.jpg\" alt=\"\" width=\"160\" height=\"160\" srcset=\"https:\/\/fk-whg.de\/wp-content\/uploads\/2019\/03\/Regenwald-vorstoss-in-das-universum.jpg 160w, https:\/\/fk-whg.de\/wp-content\/uploads\/2019\/03\/Regenwald-vorstoss-in-das-universum-150x150.jpg 150w, https:\/\/fk-whg.de\/wp-content\/uploads\/2019\/03\/Regenwald-vorstoss-in-das-universum-100x100.jpg 100w\" sizes=\"auto, (max-width: 160px) 100vw, 160px\" \/> <img loading=\"lazy\" decoding=\"async\" class=\"alignnone size-full wp-image-200\" src=\"http:\/\/fk-whg.de\/wp-content\/uploads\/2019\/03\/goodbye-Eisb\u00e4r.jpg\" alt=\"\" width=\"160\" height=\"160\" srcset=\"https:\/\/fk-whg.de\/wp-content\/uploads\/2019\/03\/goodbye-Eisb\u00e4r.jpg 160w, https:\/\/fk-whg.de\/wp-content\/uploads\/2019\/03\/goodbye-Eisb\u00e4r-150x150.jpg 150w, https:\/\/fk-whg.de\/wp-content\/uploads\/2019\/03\/goodbye-Eisb\u00e4r-100x100.jpg 100w\" sizes=\"auto, (max-width: 160px) 100vw, 160px\" \/> <img loading=\"lazy\" decoding=\"async\" class=\"alignnone size-full wp-image-199\" src=\"http:\/\/fk-whg.de\/wp-content\/uploads\/2019\/03\/Energien-der-Zukunft.jpg\" alt=\"\" width=\"160\" height=\"160\" srcset=\"https:\/\/fk-whg.de\/wp-content\/uploads\/2019\/03\/Energien-der-Zukunft.jpg 160w, https:\/\/fk-whg.de\/wp-content\/uploads\/2019\/03\/Energien-der-Zukunft-150x150.jpg 150w, https:\/\/fk-whg.de\/wp-content\/uploads\/2019\/03\/Energien-der-Zukunft-100x100.jpg 100w\" sizes=\"auto, (max-width: 160px) 100vw, 160px\" \/><\/p>\n<hr \/>\n<p><strong>Tiefe Einblicke in das naturwissenschaftliche Experimentieren<\/strong><\/p>\n<p>&#8211; dank neuer Mikroskope<br \/>\n<img loading=\"lazy\" decoding=\"async\" class=\"alignnone size-medium wp-image-170\" src=\"http:\/\/fk-whg.de\/wp-content\/uploads\/2019\/03\/101_2583-300x225.jpg\" alt=\"\" width=\"300\" height=\"225\" srcset=\"https:\/\/fk-whg.de\/wp-content\/uploads\/2019\/03\/101_2583-300x225.jpg 300w, https:\/\/fk-whg.de\/wp-content\/uploads\/2019\/03\/101_2583-768x576.jpg 768w, https:\/\/fk-whg.de\/wp-content\/uploads\/2019\/03\/101_2583-1024x768.jpg 1024w\" sizes=\"auto, (max-width: 300px) 100vw, 300px\" \/> <img loading=\"lazy\" decoding=\"async\" class=\"alignnone size-medium wp-image-171\" src=\"http:\/\/fk-whg.de\/wp-content\/uploads\/2019\/03\/101_2589-300x225.jpg\" alt=\"\" width=\"300\" height=\"225\" srcset=\"https:\/\/fk-whg.de\/wp-content\/uploads\/2019\/03\/101_2589-300x225.jpg 300w, https:\/\/fk-whg.de\/wp-content\/uploads\/2019\/03\/101_2589-768x576.jpg 768w, https:\/\/fk-whg.de\/wp-content\/uploads\/2019\/03\/101_2589-1024x768.jpg 1024w\" sizes=\"auto, (max-width: 300px) 100vw, 300px\" \/><br \/>\n&#8211; oder einer Destille<br \/>\n<img loading=\"lazy\" decoding=\"async\" class=\"alignnone size-medium wp-image-173\" src=\"http:\/\/fk-whg.de\/wp-content\/uploads\/2019\/03\/20150305_104216-e1553853163816-225x300.jpg\" alt=\"\" width=\"225\" height=\"300\" srcset=\"https:\/\/fk-whg.de\/wp-content\/uploads\/2019\/03\/20150305_104216-e1553853163816-225x300.jpg 225w, https:\/\/fk-whg.de\/wp-content\/uploads\/2019\/03\/20150305_104216-e1553853163816-768x1024.jpg 768w\" sizes=\"auto, (max-width: 225px) 100vw, 225px\" \/><\/p>\n<hr \/>\n<p><span style=\"color: #505567; font-family: Comic Sans MS;\"><b>Kontakt mit moderner Kunst<\/b><\/span><\/p>\n<p><span style=\"font-family: Comic Sans MS;\">&#8211; Unterst\u00fctzung des Besuchs des K\u00fcnstlers Christian Awe<br \/>\n(Reisekosten, der K\u00fcnstler selbst hat auch seinen Besuch &#8222;gespendet&#8220;)<img loading=\"lazy\" decoding=\"async\" class=\"alignnone size-full wp-image-175\" src=\"http:\/\/fk-whg.de\/wp-content\/uploads\/2019\/03\/Bild_von_Christian_Awe.jpg\" alt=\"\" width=\"190\" height=\"192\" srcset=\"https:\/\/fk-whg.de\/wp-content\/uploads\/2019\/03\/Bild_von_Christian_Awe.jpg 190w, https:\/\/fk-whg.de\/wp-content\/uploads\/2019\/03\/Bild_von_Christian_Awe-100x100.jpg 100w\" sizes=\"auto, (max-width: 190px) 100vw, 190px\" \/><\/span><\/p>\n<hr \/>\n<p><strong>Projekt Natursch\u00e4tze<\/strong><\/p>\n<p>Ein kleines Museum mit Leihgaben der Sch\u00fcler.<br \/>\nDer F\u00f6rderkreis stiftet die Ausstellungsk\u00e4sten.<\/p>\n<p><img loading=\"lazy\" decoding=\"async\" class=\"alignnone size-medium wp-image-176\" src=\"http:\/\/fk-whg.de\/wp-content\/uploads\/2019\/03\/100_2943-300x225.jpg\" alt=\"\" width=\"300\" height=\"225\" srcset=\"https:\/\/fk-whg.de\/wp-content\/uploads\/2019\/03\/100_2943-300x225.jpg 300w, https:\/\/fk-whg.de\/wp-content\/uploads\/2019\/03\/100_2943-768x576.jpg 768w, https:\/\/fk-whg.de\/wp-content\/uploads\/2019\/03\/100_2943-1024x768.jpg 1024w\" sizes=\"auto, (max-width: 300px) 100vw, 300px\" \/> <img loading=\"lazy\" decoding=\"async\" class=\"alignnone size-medium wp-image-177\" src=\"http:\/\/fk-whg.de\/wp-content\/uploads\/2019\/03\/Spender-5a-300x225.jpg\" alt=\"\" width=\"300\" height=\"225\" srcset=\"https:\/\/fk-whg.de\/wp-content\/uploads\/2019\/03\/Spender-5a-300x225.jpg 300w, https:\/\/fk-whg.de\/wp-content\/uploads\/2019\/03\/Spender-5a.jpg 500w\" sizes=\"auto, (max-width: 300px) 100vw, 300px\" \/><\/p>\n<hr \/>\n<p><strong>Konzertreise der Bigband in die Partnerstadt Kluczbork<\/strong><\/p>\n<p><img loading=\"lazy\" decoding=\"async\" class=\"alignnone size-medium wp-image-178\" src=\"http:\/\/fk-whg.de\/wp-content\/uploads\/2019\/03\/WHG-BigBand-2-2011-300x300.jpg\" alt=\"\" width=\"300\" height=\"300\" srcset=\"https:\/\/fk-whg.de\/wp-content\/uploads\/2019\/03\/WHG-BigBand-2-2011-300x300.jpg 300w, https:\/\/fk-whg.de\/wp-content\/uploads\/2019\/03\/WHG-BigBand-2-2011-150x150.jpg 150w, https:\/\/fk-whg.de\/wp-content\/uploads\/2019\/03\/WHG-BigBand-2-2011-768x767.jpg 768w, https:\/\/fk-whg.de\/wp-content\/uploads\/2019\/03\/WHG-BigBand-2-2011-1024x1022.jpg 1024w, https:\/\/fk-whg.de\/wp-content\/uploads\/2019\/03\/WHG-BigBand-2-2011-100x100.jpg 100w, https:\/\/fk-whg.de\/wp-content\/uploads\/2019\/03\/WHG-BigBand-2-2011.jpg 1280w\" sizes=\"auto, (max-width: 300px) 100vw, 300px\" \/><\/p>\n","protected":false},"excerpt":{"rendered":"<p>&nbsp; F\u00fcr die musikalische Ausbildung und die Bigband konnte ein Kontrabass und Keyboards mit Batterie, also ohne notwendige Verkabelungen erworben werden. Dies erleichtert den Aufbau und die ben\u00f6tigte Unterrichtszeit sehr. Ein Greenscreen erm\u00f6glicht der Video-AG diese moderne Technik einzusetzen. Die Gestaltung des Schulhofs geht mit den letzten Ger\u00e4ten dem Ende zu Bericht im Stadtanzeiger: Fo\u0308rderkreis &hellip; <\/p>\n<p class=\"link-more\"><a href=\"https:\/\/fk-whg.de\/?page_id=150\" class=\"more-link\"><span class=\"screen-reader-text\">\u201eF\u00f6rderbeispiele\u201c<\/span> weiterlesen<\/a><\/p>\n","protected":false},"author":1,"featured_media":0,"parent":0,"menu_order":0,"comment_status":"closed","ping_status":"closed","template":"","meta":{"footnotes":""},"class_list":["post-150","page","type-page","status-publish","hentry"],"_links":{"self":[{"href":"https:\/\/fk-whg.de\/index.php?rest_route=\/wp\/v2\/pages\/150","targetHints":{"allow":["GET"]}}],"collection":[{"href":"https:\/\/fk-whg.de\/index.php?rest_route=\/wp\/v2\/pages"}],"about":[{"href":"https:\/\/fk-whg.de\/index.php?rest_route=\/wp\/v2\/types\/page"}],"author":[{"embeddable":true,"href":"https:\/\/fk-whg.de\/index.php?rest_route=\/wp\/v2\/users\/1"}],"replies":[{"embeddable":true,"href":"https:\/\/fk-whg.de\/index.php?rest_route=%2Fwp%2Fv2%2Fcomments&post=150"}],"version-history":[{"count":31,"href":"https:\/\/fk-whg.de\/index.php?rest_route=\/wp\/v2\/pages\/150\/revisions"}],"predecessor-version":[{"id":617,"href":"https:\/\/fk-whg.de\/index.php?rest_route=\/wp\/v2\/pages\/150\/revisions\/617"}],"wp:attachment":[{"href":"https:\/\/fk-whg.de\/index.php?rest_route=%2Fwp%2Fv2%2Fmedia&parent=150"}],"curies":[{"name":"wp","href":"https:\/\/api.w.org\/{rel}","templated":true}]}}