{"id":265,"date":"2019-03-30T12:34:15","date_gmt":"2019-03-30T12:34:15","guid":{"rendered":"http:\/\/fk-whg.de\/?page_id=265"},"modified":"2022-10-18T08:59:25","modified_gmt":"2022-10-18T08:59:25","slug":"antragsformulare","status":"publish","type":"page","link":"https:\/\/fk-whg.de\/?page_id=265","title":{"rendered":"Antragsformulare"},"content":{"rendered":"<p>Hier die Formulare f\u00fcr F\u00f6rderantr\u00e4ge:<\/p>\n<ul>\n<li style=\"list-style-type: none;\">\n<ul>\n<li><a style=\"font-size: 1rem;\" href=\"http:\/\/fk-whg.de\/wp-content\/uploads\/2019\/09\/Unterstuetzung-aus-sozialen-Gruenden2019.pdf\">Unterst\u00fctzung aus sozialen Gr\u00fcnden\u00a0 \u00a0<\/a><a style=\"font-size: 1rem;\" href=\"http:\/\/fk-whg.de\/wp-content\/uploads\/2019\/03\/Unterst\u00fctzung-des-Lehrbetriebs-2018.pdf\"><img decoding=\"async\" src=\"http:\/\/fk-whg.de\/wp-content\/uploads\/2019\/03\/acrobat-pdf-icon.png\" \/><\/a><\/li>\n<li><a href=\"http:\/\/fk-whg.de\/wp-content\/uploads\/2019\/09\/Unterst\u00fctzung-des-Lehrbetriebs-2019-1.pdf\">Unterst\u00fctzung des Lehrbetriebs\u00a0<\/a> <img loading=\"lazy\" decoding=\"async\" class=\"alignnone size-full wp-image-90\" src=\"http:\/\/fk-whg.de\/wp-content\/uploads\/2019\/03\/acrobat-pdf-icon.png\" alt=\"\" width=\"24\" height=\"24\" \/><\/li>\n<\/ul>\n<\/li>\n<\/ul>\n<h3>Stellen eines Antrags:<\/h3>\n<ul>\n<li style=\"list-style-type: none;\">\n<ul>\n<li>Link zum Antragsformular anklicken und<\/li>\n<li>das Formular ausdrucken und ausf\u00fcllen.<\/li>\n<li>Unterschreiben Sie den Antrag (wichtig f\u00fcr die Umsetzung einer Bewilligung)<\/li>\n<li>Dann geben Sie den Antrag <u>vollst\u00e4ndig ausgef\u00fcllt<\/u> (das erm\u00f6glicht eine z\u00fcgige Entscheidung, da dann keine R\u00fcckfragen notwendig sind) im Schulsekretariat ab.<br \/>\nDazu ggf. zur Beurteilung notwendige Anlagen &#8211; die wir nat\u00fcrlich vollst\u00e4ndig vertraulich behandeln &#8211; f\u00fcgen Sie bitte dem Antrag bei.<\/li>\n<\/ul>\n<\/li>\n<\/ul>\n<p><em>Empfehlung: Nehmen Sie\u00a0 eine Kopie des ausgef\u00fcllten Antrags zu Ihren Unterlagen.<\/em><\/p>\n<p>Nach Beschlussfassung bei der n\u00e4chstfolgenden Vorstandssitzung werden Sie \u00fcber die F\u00f6rderung informiert.<\/p>\n","protected":false},"excerpt":{"rendered":"<p>Hier die Formulare f\u00fcr F\u00f6rderantr\u00e4ge: Unterst\u00fctzung aus sozialen Gr\u00fcnden\u00a0 \u00a0 Unterst\u00fctzung des Lehrbetriebs\u00a0 Stellen eines Antrags: Link zum Antragsformular anklicken und das Formular ausdrucken und ausf\u00fcllen. Unterschreiben Sie den Antrag (wichtig f\u00fcr die Umsetzung einer Bewilligung) Dann geben Sie den Antrag vollst\u00e4ndig ausgef\u00fcllt (das erm\u00f6glicht eine z\u00fcgige Entscheidung, da dann keine R\u00fcckfragen notwendig sind) im &hellip; <\/p>\n<p class=\"link-more\"><a href=\"https:\/\/fk-whg.de\/?page_id=265\" class=\"more-link\"><span class=\"screen-reader-text\">\u201eAntragsformulare\u201c<\/span> weiterlesen<\/a><\/p>\n","protected":false},"author":1,"featured_media":0,"parent":0,"menu_order":0,"comment_status":"closed","ping_status":"closed","template":"","meta":{"footnotes":""},"class_list":["post-265","page","type-page","status-publish","hentry"],"_links":{"self":[{"href":"https:\/\/fk-whg.de\/index.php?rest_route=\/wp\/v2\/pages\/265","targetHints":{"allow":["GET"]}}],"collection":[{"href":"https:\/\/fk-whg.de\/index.php?rest_route=\/wp\/v2\/pages"}],"about":[{"href":"https:\/\/fk-whg.de\/index.php?rest_route=\/wp\/v2\/types\/page"}],"author":[{"embeddable":true,"href":"https:\/\/fk-whg.de\/index.php?rest_route=\/wp\/v2\/users\/1"}],"replies":[{"embeddable":true,"href":"https:\/\/fk-whg.de\/index.php?rest_route=%2Fwp%2Fv2%2Fcomments&post=265"}],"version-history":[{"count":65,"href":"https:\/\/fk-whg.de\/index.php?rest_route=\/wp\/v2\/pages\/265\/revisions"}],"predecessor-version":[{"id":633,"href":"https:\/\/fk-whg.de\/index.php?rest_route=\/wp\/v2\/pages\/265\/revisions\/633"}],"wp:attachment":[{"href":"https:\/\/fk-whg.de\/index.php?rest_route=%2Fwp%2Fv2%2Fmedia&parent=265"}],"curies":[{"name":"wp","href":"https:\/\/api.w.org\/{rel}","templated":true}]}}