{"id":51,"date":"2019-03-20T10:28:09","date_gmt":"2019-03-20T10:28:09","guid":{"rendered":"http:\/\/fk-whg.de\/?page_id=51"},"modified":"2026-04-16T11:31:45","modified_gmt":"2026-04-16T11:31:45","slug":"der-foerderkreis","status":"publish","type":"page","link":"https:\/\/fk-whg.de\/","title":{"rendered":"Der F\u00f6rderkreis"},"content":{"rendered":"\r\n<p><strong>Aktuelle Termine<\/strong>:<\/p>\r\n<p>Mitgliederversammlung: 05.05.26, 19:30 Uhr\r\n\r\n\r\n<p style=\"padding-left: 40px;\">Dringende Antr\u00e4ge k\u00f6nnen im Umlaufverfahren kurzfristig bearbeitet und entschieden werden.<\/p>\r\n<!--<p style=\"padding-left: 40px;\">Zur Mitgliederversammlung werden alle Mitglieder rechtzeitig per e-mail eingeladen.<\/p>-->\r\n<hr \/>\r\n<p><strong><span style=\"color: #0000ff;\">November 2021:\u00a0 F\u00f6rderkreis des WHG investiert(e) 74.000 Euro<\/span><\/strong><\/p>\r\n<h6><img loading=\"lazy\" decoding=\"async\" class=\"alignnone size-medium wp-image-621\" src=\"http:\/\/fk-whg.de\/wp-content\/uploads\/2022\/07\/Schulhof\u00fcbergabe3-300x181.jpg\" alt=\"\" width=\"300\" height=\"181\" srcset=\"https:\/\/fk-whg.de\/wp-content\/uploads\/2022\/07\/Schulhof\u00fcbergabe3-300x181.jpg 300w, https:\/\/fk-whg.de\/wp-content\/uploads\/2022\/07\/Schulhof\u00fcbergabe3-768x463.jpg 768w, https:\/\/fk-whg.de\/wp-content\/uploads\/2022\/07\/Schulhof\u00fcbergabe3.jpg 871w\" sizes=\"auto, (max-width: 300px) 100vw, 300px\" \/><img loading=\"lazy\" decoding=\"async\" class=\"alignnone size-medium wp-image-622\" src=\"http:\/\/fk-whg.de\/wp-content\/uploads\/2022\/07\/Schulhof\u00fcbergabe2-235x300.jpg\" alt=\"\" width=\"235\" height=\"300\" srcset=\"https:\/\/fk-whg.de\/wp-content\/uploads\/2022\/07\/Schulhof\u00fcbergabe2-235x300.jpg 235w, https:\/\/fk-whg.de\/wp-content\/uploads\/2022\/07\/Schulhof\u00fcbergabe2.jpg 622w\" sizes=\"auto, (max-width: 235px) 100vw, 235px\" \/><br \/>Einweihung des gef\u00f6rderten Schulhofs &#8211; wird fortgesetzt<\/h6>\r\n<hr \/>\r\n<p>Der F\u00f6rderkreis des Werner-Heisenberg-Gymnasiums Bad D\u00fcrkheim e.V. besteht seit 1974. <strong>Mitglieder<\/strong> des F\u00f6rderkreises sind im wese<span style=\"font-size: 1rem;\">ntlichen Eltern, Lehrer, Sch\u00fcler sowie ehemalige Sch\u00fcler und sonstige Personen oder Firmen, die die Schule und damit die Ausbildung von Jugendlichen ideell und materiell unterst\u00fctzen m\u00f6chten. Zur Zeit hat der F\u00f6rderkreis etwa 450 Mitglieder.<\/span><\/p>\r\n<p style=\"padding-left: 40px;\">\r\n\r\n<\/p>\r\n<p>Der F\u00f6rderkreis wird geleitet durch einen auf drei Jahre gew\u00e4hlten <strong>Vorstand<\/strong>, bestehend aus sechs Elternvertretern sowie zwei Mitgliedern des Lehrerkollegiums.<\/p>\r\n<p style=\"padding-left: 40px;\">\r\n\r\n<\/p>\r\n<p>Die <strong>Ziele<\/strong> des F\u00f6rderkreises liegen \u2013 satzungsgem\u00e4\u00df \u2013 in der<\/p>\r\n<p style=\"padding-left: 40px;\">\r\n\r\n<\/p>\r\n<ul class=\"wp-block-list\">\r\n<li style=\"list-style-type: none;\">\r\n<ul>\r\n<li>F\u00f6rderung und Unterst\u00fctzung besonders begabter oder bed\u00fcrftiger Sch\u00fcler<\/li>\r\n<li>Anschaffung von Unterrichtsmaterial<\/li>\r\n<li>Unterst\u00fctzung von Lehrfahrten, Besichtigungen, Sportkursen usw.<\/li>\r\n<\/ul>\r\n<\/li>\r\n<\/ul>\r\n<p style=\"padding-left: 40px;\">\r\n\r\n<\/p>\r\n<p>Seit seiner Gr\u00fcndung ist es dem F\u00f6rderkreis gelungen, aus Mitgliedsbeitr\u00e4gen und Spenden mehrere Hunderttausend Euro zur Unterst\u00fctzung der verschiedensten Projekte zur Verf\u00fcgung zu stellen.<\/p>\r\n<p><a href=\"http:\/\/fk-whg.de\/wp-content\/uploads\/2020\/11\/Pr\u00e4sentation-Foerderkreis.pdf\"><strong><img loading=\"lazy\" decoding=\"async\" class=\"alignnone size-full wp-image-90\" src=\"http:\/\/fk-whg.de\/wp-content\/uploads\/2019\/03\/acrobat-pdf-icon.png\" alt=\"\" width=\"24\" height=\"24\" \/> Vorstellung F\u00f6derkreis<\/strong><\/a><\/p>\r\n<p style=\"padding-left: 40px;\">\r\n\r\n<\/p>\r\n<p><strong>Wie k\u00f6nnen sie den F\u00f6rderkreis unterst\u00fctzen?<\/strong><\/p>\r\n<ul>\r\n<li style=\"list-style-type: none;\">\r\n<ul>\r\n<li><strong><img loading=\"lazy\" decoding=\"async\" class=\"alignnone size-full wp-image-90\" src=\"http:\/\/fk-whg.de\/wp-content\/uploads\/2019\/03\/acrobat-pdf-icon.png\" alt=\"\" width=\"24\" height=\"24\" \/> <a href=\"http:\/\/fk-whg.de\/wp-content\/uploads\/2019\/03\/Beitrittserklaerung.pdf\">Be<\/a><a href=\"http:\/\/fk-whg.de\/wp-content\/uploads\/2019\/03\/Beitrittserklaerung.pdf\">itrittserkl\u00e4rung<\/a><\/strong><\/li>\r\n<\/ul>\r\n<\/li>\r\n<\/ul>\r\n<p style=\"padding-left: 80px;\">\r\n\r\n\r\n\r\n<\/p>\r\n<ul>\r\n<li style=\"list-style-type: none;\">\r\n<ul>\r\n<li><strong><a style=\"color: #000000;\" href=\"http:\/\/fk-whg.de\/wp-content\/uploads\/2025\/08\/20250712-Foerderkreis-WHG-Broschuere.pdf\"><img loading=\"lazy\" decoding=\"async\" class=\"alignnone size-full wp-image-90\" src=\"http:\/\/fk-whg.de\/wp-content\/uploads\/2019\/03\/acrobat-pdf-icon.png\" alt=\"\" width=\"24\" height=\"24\" \/>Informations- und Beitrittsflyer<\/a><\/strong><\/li>\r\n<\/ul>\r\n<\/li>\r\n<\/ul>\r\n<p>hren Mitgliedsbeitrag bestimmen Sie selber. <br \/>Der Mindestbeitrag betr\u00e4gt 25\u20ac (f\u00fcr Sch\u00fclerinnen und Sch\u00fcler 5\u20ac) pro Jahr. Daneben freuen wir uns \u00fcber Ihre freiwilligen Spenden. Mitgliedsbeitr\u00e4ge und Spenden sind steuerlich absetzbar.<br \/>F\u00fcr die Verwaltung unserer Mitglieder ben\u00f6tigen wir einige Daten. Bei dem Umgang mit den Daten halten wir uns nat\u00fcrlich an die Datenschutzgrundverordnung (DSGVO).<\/p>\r\n<p style=\"padding-left: 40px;\"><\/p>\r\n<p>Wie wir das tun, finden Sie in unserer <strong><img loading=\"lazy\" decoding=\"async\" class=\"alignnone size-full wp-image-90\" src=\"http:\/\/fk-whg.de\/wp-content\/uploads\/2019\/03\/acrobat-pdf-icon.png\" alt=\"\" width=\"24\" height=\"24\" \/><\/strong>\u00a0<a href=\"http:\/\/fk-whg.de\/wp-content\/uploads\/2019\/03\/Datenschutzerklaerung.pdf\">Datenschutzerkl\u00e4rung<\/a>.<strong>\u00a0<\/strong><\/p>\r\n<p style=\"padding-left: 40px;\">\r\n\r\n\r\n\r\n<\/p>\r\n<table>\r\n<tbody>\r\n<tr>\r\n<td>\r\n<p>F\u00f6rderkreis WHG\u00a0<br \/>Kanalstra\u00dfe 19\u00a0<br \/>67098 Bad D\u00fcrkheim<br \/>Tel: 06322 \/ 94800<br \/>Fax: 06322 \/ 9480224<\/p>\r\n<\/td>\r\n<td>\r\n<p>Internetadresse:<br \/><a title=\"\" href=\"http:\/\/fk-whg.de\">fk-whg.de<\/a> <br \/><br \/><strong>Mailadresse:<\/strong><br \/>Spindeverwaltung:<br \/><a href=\"mailto:spinde@fk-whg.de\">spinde@fk-whg.de<\/a><br \/><br \/>Mitgliedschaft:<br \/><a href=\"mailto:mitglieder@fk-whg.de\">mitglieder@fk-whg.de<\/a><\/p>\r\n<p>Alles andere:<br \/><a href=\"mailto:info@fk-whg.de?subject=Anfrage\">info@fk-whg.de<\/a><\/p>\r\n<p>&nbsp;<\/p>\r\n<\/td>\r\n<\/tr>\r\n<tr>\r\n<td>\r\n<p>Konto 01110 70300<br \/>VR Bank Bad D\u00fcrkheim eG<br \/>BLZ 546 912 00<br \/>IBAN DE25546912000111070300<br \/>BIC GENODE61DUW<br \/>Gl\u00e4ubiger-ID DE20ZZZ00000497704<br \/>Vereinsregister Amtsgericht Ludwigshafen VR 10212<\/p>\r\n<\/td>\r\n<\/tr>\r\n<\/tbody>\r\n<\/table>\r\n<p>\r\n\r\n\r\n\r\n<\/p>\r\n<p>&nbsp;<\/p>\r\n<p>&nbsp;<\/p>\r\n<p style=\"padding-left: 40px;\"><\/p><!-- \/wp:paragraph --><!-- wp:post-content --><!-- wp:heading {\"level\":1,\"className\":\"Textblock\"} -->\r\n<h1 class=\"Textblock\" style=\"text-align: center;\"><strong>Der F\u00f6rderkreis des <br \/>Werner-Heisenberg-Gymnasiums e.V.<\/strong><img loading=\"lazy\" decoding=\"async\" class=\"alignnone size-medium wp-image-58\" style=\"font-family: inherit; font-size: inherit;\" src=\"http:\/\/fk-whg.de\/wp-content\/uploads\/2019\/03\/Geb\u00e4ude1024-300x86.jpg\" alt=\"\" width=\"300\" height=\"86\" srcset=\"https:\/\/fk-whg.de\/wp-content\/uploads\/2019\/03\/Geb\u00e4ude1024-300x86.jpg 300w, https:\/\/fk-whg.de\/wp-content\/uploads\/2019\/03\/Geb\u00e4ude1024-768x220.jpg 768w, https:\/\/fk-whg.de\/wp-content\/uploads\/2019\/03\/Geb\u00e4ude1024.jpg 1024w\" sizes=\"auto, (max-width: 300px) 100vw, 300px\" \/><\/h1>\r\n<!-- \/wp:heading -->\r\n\r\n<!-- wp:paragraph -->\r\n<p><strong>Aktuelle Termine<\/strong>:<\/p>\r\n<p>Mitgliederversammlung: 05.05.26, 19:30 Uhr\r\n\r\n<!-- wp:paragraph -->\r\n<p style=\"padding-left: 40px;\">Dringende Antr\u00e4ge k\u00f6nnen im Umlaufverfahren kurzfristig bearbeitet und entschieden werden.<\/p>\r\n<!--<p style=\"padding-left: 40px;\">Zur Mitgliederversammlung werden alle Mitglieder rechtzeitig per e-mail eingeladen.<\/p>-->\r\n<hr \/>\r\n<p><strong><span style=\"color: #0000ff;\">November 2021:\u00a0 F\u00f6rderkreis des WHG investiert(e) 74.000 Euro<\/span><\/strong><\/p>\r\n<h6><img loading=\"lazy\" decoding=\"async\" class=\"alignnone size-medium wp-image-621\" src=\"http:\/\/fk-whg.de\/wp-content\/uploads\/2022\/07\/Schulhof\u00fcbergabe3-300x181.jpg\" alt=\"\" width=\"300\" height=\"181\" srcset=\"https:\/\/fk-whg.de\/wp-content\/uploads\/2022\/07\/Schulhof\u00fcbergabe3-300x181.jpg 300w, https:\/\/fk-whg.de\/wp-content\/uploads\/2022\/07\/Schulhof\u00fcbergabe3-768x463.jpg 768w, https:\/\/fk-whg.de\/wp-content\/uploads\/2022\/07\/Schulhof\u00fcbergabe3.jpg 871w\" sizes=\"auto, (max-width: 300px) 100vw, 300px\" \/><img loading=\"lazy\" decoding=\"async\" class=\"alignnone size-medium wp-image-622\" src=\"http:\/\/fk-whg.de\/wp-content\/uploads\/2022\/07\/Schulhof\u00fcbergabe2-235x300.jpg\" alt=\"\" width=\"235\" height=\"300\" srcset=\"https:\/\/fk-whg.de\/wp-content\/uploads\/2022\/07\/Schulhof\u00fcbergabe2-235x300.jpg 235w, https:\/\/fk-whg.de\/wp-content\/uploads\/2022\/07\/Schulhof\u00fcbergabe2.jpg 622w\" sizes=\"auto, (max-width: 235px) 100vw, 235px\" \/><br \/>Einweihung des gef\u00f6rderten Schulhofs &#8211; wird fortgesetzt<\/h6>\r\n<hr \/>\r\n<p>Der F\u00f6rderkreis des Werner-Heisenberg-Gymnasiums Bad D\u00fcrkheim e.V. besteht seit 1974. <strong>Mitglieder<\/strong> des F\u00f6rderkreises sind im wese<span style=\"font-size: 1rem;\">ntlichen Eltern, Lehrer, Sch\u00fcler sowie ehemalige Sch\u00fcler und sonstige Personen oder Firmen, die die Schule und damit die Ausbildung von Jugendlichen ideell und materiell unterst\u00fctzen m\u00f6chten. Zur Zeit hat der F\u00f6rderkreis etwa 450 Mitglieder.<\/span><\/p>\r\n<p style=\"padding-left: 40px;\"><!-- \/wp:paragraph -->\r\n\r\n<!-- wp:paragraph --><\/p>\r\n<p>Der F\u00f6rderkreis wird geleitet durch einen auf drei Jahre gew\u00e4hlten <strong>Vorstand<\/strong>, bestehend aus sechs Elternvertretern sowie zwei Mitgliedern des Lehrerkollegiums.<\/p>\r\n<p style=\"padding-left: 40px;\"><!-- \/wp:paragraph -->\r\n\r\n<!-- wp:paragraph --><\/p>\r\n<p>Die <strong>Ziele<\/strong> des F\u00f6rderkreises liegen \u2013 satzungsgem\u00e4\u00df \u2013 in der<\/p>\r\n<p style=\"padding-left: 40px;\"><!-- \/wp:paragraph -->\r\n\r\n<!-- wp:list --><\/p>\r\n<ul>\r\n<li style=\"list-style-type: none;\">\r\n<ul>\r\n<li>F\u00f6rderung und Unterst\u00fctzung besonders begabter oder bed\u00fcrftiger Sch\u00fcler<\/li>\r\n<li>Anschaffung von Unterrichtsmaterial<\/li>\r\n<li>Unterst\u00fctzung von Lehrfahrten, Besichtigungen, Sportkursen usw.<\/li>\r\n<\/ul>\r\n<\/li>\r\n<\/ul>\r\n<p style=\"padding-left: 40px;\"><!-- \/wp:list -->\r\n\r\n<!-- wp:paragraph --><\/p>\r\n<p>Seit seiner Gr\u00fcndung ist es dem F\u00f6rderkreis gelungen, aus Mitgliedsbeitr\u00e4gen und Spenden mehrere Hunderttausend Euro zur Unterst\u00fctzung der verschiedensten Projekte zur Verf\u00fcgung zu stellen.<\/p>\r\n<p><a href=\"http:\/\/fk-whg.de\/wp-content\/uploads\/2020\/11\/Pr\u00e4sentation-Foerderkreis.pdf\"><strong><img loading=\"lazy\" decoding=\"async\" class=\"alignnone size-full wp-image-90\" src=\"http:\/\/fk-whg.de\/wp-content\/uploads\/2019\/03\/acrobat-pdf-icon.png\" alt=\"\" width=\"24\" height=\"24\" \/> Vorstellung F\u00f6derkreis<\/strong><\/a><\/p>\r\n<p style=\"padding-left: 40px;\"><!-- \/wp:paragraph -->\r\n\r\n<!-- wp:paragraph --><\/p>\r\n<p><strong>Wie k\u00f6nnen sie den F\u00f6rderkreis unterst\u00fctzen?<\/strong><\/p>\r\n<ul>\r\n<li style=\"list-style-type: none;\">\r\n<ul>\r\n<li><strong><img loading=\"lazy\" decoding=\"async\" class=\"alignnone size-full wp-image-90\" src=\"http:\/\/fk-whg.de\/wp-content\/uploads\/2019\/03\/acrobat-pdf-icon.png\" alt=\"\" width=\"24\" height=\"24\" \/> <a href=\"http:\/\/fk-whg.de\/wp-content\/uploads\/2019\/03\/Beitrittserklaerung.pdf\">Be<\/a><a href=\"http:\/\/fk-whg.de\/wp-content\/uploads\/2019\/03\/Beitrittserklaerung.pdf\">itrittserkl\u00e4rung<\/a><\/strong><\/li>\r\n<\/ul>\r\n<\/li>\r\n<\/ul>\r\n<p style=\"padding-left: 80px;\"><!-- \/wp:paragraph -->\r\n\r\n<!-- wp:paragraph --><!-- \/wp:paragraph -->\r\n\r\n<!-- wp:paragraph --><\/p>\r\n<ul>\r\n<li style=\"list-style-type: none;\">\r\n<ul>\r\n<li><strong><a style=\"color: #000000;\" href=\"http:\/\/fk-whg.de\/wp-content\/uploads\/2025\/08\/20250712-Foerderkreis-WHG-Broschuere.pdf\"><img loading=\"lazy\" decoding=\"async\" class=\"alignnone size-full wp-image-90\" src=\"http:\/\/fk-whg.de\/wp-content\/uploads\/2019\/03\/acrobat-pdf-icon.png\" alt=\"\" width=\"24\" height=\"24\" \/>Informations- und Beitrittsflyer<\/a><\/strong><\/li>\r\n<\/ul>\r\n<\/li>\r\n<\/ul>\r\n<p>hren Mitgliedsbeitrag bestimmen Sie selber. <br \/>Der Mindestbeitrag betr\u00e4gt 25\u20ac (f\u00fcr Sch\u00fclerinnen und Sch\u00fcler 5\u20ac) pro Jahr. Daneben freuen wir uns \u00fcber Ihre freiwilligen Spenden. Mitgliedsbeitr\u00e4ge und Spenden sind steuerlich absetzbar.<br \/>F\u00fcr die Verwaltung unserer Mitglieder ben\u00f6tigen wir einige Daten. Bei dem Umgang mit den Daten halten wir uns nat\u00fcrlich an die Datenschutzgrundverordnung (DSGVO).<\/p>\r\n<p style=\"padding-left: 40px;\"><!-- wp:paragraph --><\/p>\r\n<p>Wie wir das tun, finden Sie in unserer <strong><img loading=\"lazy\" decoding=\"async\" class=\"alignnone size-full wp-image-90\" src=\"http:\/\/fk-whg.de\/wp-content\/uploads\/2019\/03\/acrobat-pdf-icon.png\" alt=\"\" width=\"24\" height=\"24\" \/><\/strong>\u00a0<a href=\"http:\/\/fk-whg.de\/wp-content\/uploads\/2019\/03\/Datenschutzerklaerung.pdf\">Datenschutzerkl\u00e4rung<\/a>.<strong>\u00a0<\/strong><\/p>\r\n<p style=\"padding-left: 40px;\"><!-- \/wp:paragraph -->\r\n\r\n<!-- wp:paragraph --><!-- \/wp:paragraph -->\r\n\r\n<!-- wp:paragraph --><\/p>\r\n<table>\r\n<tbody>\r\n<tr>\r\n<td>\r\n<p>F\u00f6rderkreis WHG\u00a0<br \/>Kanalstra\u00dfe 19\u00a0<br \/>67098 Bad D\u00fcrkheim<br \/>Tel: 06322 \/ 94800<br \/>Fax: 06322 \/ 9480224<\/p>\r\n<\/td>\r\n<td>\r\n<p>Internetadresse:<br \/><a title=\"\" href=\"http:\/\/fk-whg.de\">fk-whg.de<\/a> <br \/><br \/><strong>Mailadresse:<\/strong><br \/>Spindeverwaltung:<br \/><a href=\"mailto:spinde@fk-whg.de\">spinde@fk-whg.de<\/a><br \/><br \/>Mitgliedschaft:<br \/><a href=\"mailto:mitglieder@fk-whg.de\">mitglieder@fk-whg.de<\/a><\/p>\r\n<p>Alles andere:<br \/><a href=\"mailto:info@fk-whg.de?subject=Anfrage\">info@fk-whg.de<\/a><\/p>\r\n<p>&nbsp;<\/p>\r\n<\/td>\r\n<\/tr>\r\n<tr>\r\n<td>\r\n<p>Konto 01110 70300<br \/>VR Bank Bad D\u00fcrkheim eG<br \/>BLZ 546 912 00<br \/>IBAN DE25546912000111070300<br \/>BIC GENODE61DUW<br \/>Gl\u00e4ubiger-ID DE20ZZZ00000497704<br \/>Vereinsregister Amtsgericht Ludwigshafen VR 10212<\/p>\r\n<\/td>\r\n<\/tr>\r\n<\/tbody>\r\n<\/table>\r\n<p><!-- \/wp:paragraph -->\r\n\r\n<!-- wp:paragraph --><!-- \/wp:paragraph -->\r\n\r\n<!-- wp:paragraph --><\/p>\r\n<p>&nbsp;<\/p>\r\n<p>&nbsp;<\/p>\r\n<p style=\"padding-left: 40px;\"><!-- \/wp:paragraph --><\/p><!-- \/wp:post-content -->","protected":false},"excerpt":{"rendered":"<p>Der F\u00f6rderkreis des Werner-Heisenberg-Gymnasiums e.V. Informations- und Beitrittsflyer hren Mitgliedsbeitrag bestimmen Sie selber. Der Mindestbeitrag betr\u00e4gt 25\u20ac (f\u00fcr Sch\u00fclerinnen und Sch\u00fcler 5\u20ac) pro Jahr. Daneben freuen wir uns \u00fcber Ihre freiwilligen Spenden. Mitgliedsbeitr\u00e4ge und Spenden sind steuerlich absetzbar.F\u00fcr die Verwaltung unserer Mitglieder ben\u00f6tigen wir einige Daten. Bei dem Umgang mit den Daten halten wir uns &hellip; <\/p>\n<p class=\"link-more\"><a href=\"https:\/\/fk-whg.de\/\" class=\"more-link\"><span class=\"screen-reader-text\">\u201eDer F\u00f6rderkreis\u201c<\/span> weiterlesen<\/a><\/p>\n","protected":false},"author":1,"featured_media":0,"parent":0,"menu_order":0,"comment_status":"closed","ping_status":"closed","template":"","meta":{"footnotes":""},"class_list":["post-51","page","type-page","status-publish","hentry"],"_links":{"self":[{"href":"https:\/\/fk-whg.de\/index.php?rest_route=\/wp\/v2\/pages\/51","targetHints":{"allow":["GET"]}}],"collection":[{"href":"https:\/\/fk-whg.de\/index.php?rest_route=\/wp\/v2\/pages"}],"about":[{"href":"https:\/\/fk-whg.de\/index.php?rest_route=\/wp\/v2\/types\/page"}],"author":[{"embeddable":true,"href":"https:\/\/fk-whg.de\/index.php?rest_route=\/wp\/v2\/users\/1"}],"replies":[{"embeddable":true,"href":"https:\/\/fk-whg.de\/index.php?rest_route=%2Fwp%2Fv2%2Fcomments&post=51"}],"version-history":[{"count":94,"href":"https:\/\/fk-whg.de\/index.php?rest_route=\/wp\/v2\/pages\/51\/revisions"}],"predecessor-version":[{"id":694,"href":"https:\/\/fk-whg.de\/index.php?rest_route=\/wp\/v2\/pages\/51\/revisions\/694"}],"wp:attachment":[{"href":"https:\/\/fk-whg.de\/index.php?rest_route=%2Fwp%2Fv2%2Fmedia&parent=51"}],"curies":[{"name":"wp","href":"https:\/\/api.w.org\/{rel}","templated":true}]}}